*2 + 11*t. Let b be o(10). Calculate the greatest common divisor of b and r.
10
Let l be 2/1 + 72 + 11. Calculate the highest common factor of 17 and l.
17
Suppose -16*g + 7*g = -819. Calculate the greatest common factor of g and 7.
7
Let z(x) = -x - 7. Let l be z(-5). Let r be l - (-19 - (-3 - 0)). Let q be (-1)/2*-2*21. Calculate the greatest common divisor of r and q.
7
Let x be 8/(-16) - (-22)/4. Calculate the highest common factor of x and 45.
5
Let u(z) = 16*z. Let o(n) = -33*n + 1. Let w(g) = 3*o(g) + 5*u(g). Let h be w(-3). Calculate the greatest common divisor of h and 24.
12
Suppose 4*g - 15 = -g. Suppose -n + 50 = 3*c - 1, g*c + 3*n = 45. What is the highest common divisor of c and 9?
9
Let p(a) = 32*a + 3. Let n be p(3). Suppose 3*o + 5*m = 33, o + 3*m - 55 = -4*o. What is the greatest common factor of n and o?
11
Let n(x) = x**2 - 4*x - 1. Let u be (-3 - -2)/(1/(-4)). Let v be n(u). Let p = 4 + v. What is the highest common divisor of 12 and p?
3
Let g(p) = 2*p**2 - 3*p**2 + 2*p**2 + 11*p**3 - p. Let h be g(1). Let a be (275/(-15))/((-1)/6). Calculate the greatest common factor of a and h.
11
Let s(f) = f**2 + 27*f - 16*f + f**2 - 2 - 13*f. Suppose 2*v = b + 4*v + 4, -5*v = -4*b - 3. Let p be s(b). What is the greatest common divisor of p and 80?
10
Let k be (-2)/6 + (-206)/(-6). Let q = k + -9. Let o(l) = -l**2 + 10. Let y be o(0). Calculate the greatest common factor of y and q.
5
Let x(a) = a**2 + 5*a + 2. Let h be x(-5). Suppose 0 = 2*u - 7 + 3. Suppose 24 = 5*i - 4*o, -2*i + u*o + h = -6. What is the greatest common factor of 8 and i?
8
Let d be 2 - -2 - (0 - 1). Let f = 151 + -96. Calculate the highest common factor of f and d.
5
Let y = -6 + 6. Suppose m = -y*m - 1. Let d be 12*(10/(-8))/m. Calculate the highest common divisor of 10 and d.
5
Let w(b) = 7 - 1 - b**3 - 1 - 7*b**2 + 8*b. Let p(q) = q**3 + q**2 - q. Let c(o) = 2*p(o) + w(o). Let d be c(6). What is the highest common factor of 7 and d?
7
Let o be (-2)/9 + 2920/18. Let h(n) = 2*n - 14. Let y be h(16). Calculate the greatest common factor of y and o.
18
Let u be 8/10*(-3 - 2). Let l be -33*(16/6)/u. Suppose 3*c = 4*a - 10, -4*c + 0*a - a + 12 = 0. What is the highest common divisor of l and c?
2
Suppose 0 = 2*q - 7*q - 45. Let m = 21 + q. What is the greatest common divisor of m and 24?
12
Suppose 3*g - 2*z = -265, -380 = 4*g + 3*z + z. Let m = -59 - g. Calculate the greatest common divisor of m and 4.
4
Suppose 3*g = 5*g. Let a = g - -22. What is the greatest common divisor of a and 176?
22
Let c(v) = -2*v**3 - v**2 + 2*v + 1. Let h be c(-2). Suppose 3 + h = 4*r, 3*u = -r + 42. Calculate the greatest common divisor of u and 13.
13
Let n(z) = -z**2 - 7*z - 4. Let d be n(-3). Let g be 23/4 + 4/16. Let l be 388/g - (-4)/(-6). What is the greatest common factor of l and d?
8
Let g(m) = -3*m**2 - 20*m - 16. Let c be g(-5). Let q = 4 - 2. Suppose q*f + f + 4*x = 15, -2*f + 4*x + 30 = 0. What is the greatest common factor of c and f?
9
Let h(m) = m - 1. Let o(w) = -18*w + 22. Let r(x) = -44*h(x) - 2*o(x). Let q be r(-2). Calculate the highest common factor of q and 144.
16
Let q(h) = h + 1. Let n(s) = 48*s + 2. Let u(y) = -n(y) + 5*q(y). Let k be u(-3). Calculate the highest common factor of 12 and k.
12
Let q(x) be the first derivative of x**3/3 - x**2 - 9*x - 3. Let n be q(-6). Let o = 29 - 3. What is the greatest common factor of o and n?
13
Suppose -14*n + 93 = 5*f - 17*n, 30 = 2*f - 3*n. What is the highest common factor of f and 147?
21
Suppose 3*m - 378 = 5*o, 5*m - 4*o - 104 - 526 = 0. Calculate the highest common divisor of 54 and m.
18
Suppose -4*m = -w - w + 96, w = 4*m + 48. Let o(n) = -n**2 - 9*n - 6. Let y be o(-3). Calculate the greatest common divisor of w and y.
12
Let i = 73 - 18. Calculate the highest common divisor of 22 and i.
11
Suppose 0 = 2*u - 5*k - 28, -3*u + k = -4*k - 32. Calculate the greatest common factor of 8 and u.
4
Suppose 0 = 3*h + h - 48. What is the greatest common divisor of 12 and h?
12
Suppose -3*a - 42 = -5*a. Calculate the highest common divisor of a and 42.
21
Suppose -6*v - 22 = -i - v, 0 = v. What is the greatest common divisor of 55 and i?
11
Let m(g) = g + 3. Let z be m(-4). Let o be z + (2 - 3) - -7. What is the greatest common factor of 35 and o?
5
Let p(f) = f**2 + 7*f - 2. Let l be p(-8). Calculate the greatest common factor of 48 and l.
6
Let z be 50/8 + 2/(-8). Let p(t) = t**2 + 4*t - 7. Let h be p(-6). Suppose -h = -2*b + q, -1 - 17 = -5*b - 3*q. Calculate the greatest common factor of z and b.
3
Suppose -p + 3*p = -2*s + 30, 2*s = -5*p + 39. What is the greatest common factor of s and 3?
3
Suppose -4*c - 16 = 0, -3*r = -2*c - c - 108. What is the greatest common factor of 256 and r?
32
Let y(v) = 3*v**2 - 3*v - 2. Let j be y(3). Suppose 2*u - 3*u + j = 0. Calculate the greatest common divisor of 24 and u.
8
Let i(p) = -p**2 - 9*p. Let s be i(-8). Calculate the highest common factor of s and 20.
4
Let c = -7 + 11. Suppose 5*z - 72 = c*z. Let r be 2/(-7) - z/(-7). Calculate the greatest common divisor of 110 and r.
10
Suppose 3*z + 4*g - 1335 = -g, 0 = 2*g + 6. Suppose -z = -3*b + 2*i, 0 = -2*b - b - 4*i + 468. What is the greatest common divisor of 19 and b?
19
Suppose -11*m + 100 = -m. Calculate the highest common factor of 50 and m.
10
Suppose 0*u + 2*u - 176 = 0. Suppose -5*v - 13 = 4*p, 21 = 5*v + 6. Let i = 4 - p. What is the greatest common divisor of i and u?
11
Let y(c) = -c - 4. Let j be y(-5). Let t(g) = 2*g**2 + 3*g - j + 0*g - 3 + g**2. Let a be t(-3). What is the highest common divisor of a and 21?
7
Suppose -3*r = -s + 41, -44 = -2*s + s + 4*r. What is the highest common divisor of 48 and s?
16
Let q be -5 + (0 - -2) + 12. Calculate the highest common divisor of 3 and q.
3
Suppose -4*a - v = -2 - 1, 0 = -2*a - v + 3. Suppose -7*q + 10*q - 51 = a. What is the highest common factor of q and 34?
17
Let t = -51 - -90. Calculate the greatest common factor of t and 13.
13
Suppose -3*z + 4*z = -25. Suppose 0 = -w + 2*r + 31, -6*w + 5*r + 95 = -3*w. Let v = z + w. Calculate the highest common factor of 15 and v.
5
Let j be 34/(-9) - 6/27. Let i be (-7)/9 - j/(-18). Let n be (-12)/((-2)/i - 4). Calculate the greatest common factor of 9 and n.
3
Let i = 0 + 3. Suppose -v + 2*v - 33 = 0. Calculate the greatest common divisor of v and i.
3
Suppose -4*n = -63 - 153. What is the highest common divisor of n and 27?
27
Let a(u) = -u + 1 - 3 + 2*u. Suppose 20 = 4*x + 4*m, -x + 2*x = 3*m + 1. Let i be a(x). What is the greatest common divisor of 3 and i?
1
Let w(u) = -u**2 - 4*u + 1. Let x be w(-4). Let y be 2138/3 + x/3. Suppose -3*m = 6*g - g - 709, -5*g = m - y. What is the greatest common divisor of g and 13?
13
Suppose 2*u + 17 = 3*u. Let n be (-3828)/20 + 4/10. Let m be -5 + 3 - (n + 2). Calculate the greatest common factor of m and u.
17
Suppose -2*j = -4*j + 24. Let f = 112 + -88. What is the greatest common factor of f and j?
12
Suppose x + 5 = -h + 25, -3*h = -2*x + 60. Let t be (6 - 4) + 1 + 0. Let r be -1 - t/(-6)*122. What is the highest common divisor of x and r?
12
Suppose -4*s + 16 = 0, 3*v + 0*v + 5*s = 32. Calculate the highest common factor of v and 10.
2
Suppose -4*k - 2*p = -12, -p + 4*p = 4*k - 22. Suppose 5*i - k*i - 18 = 0. What is the highest common divisor of 6 and i?
6
Suppose l - 1 = 5*g - 2, -5*l + 5*g = -35. Calculate the greatest common divisor of 9 and l.
9
Let z be (10/(-8))/((-8)/352). What is the greatest common divisor of 5 and z?
5
Let k(n) = 28*n**2 + n - 1. Let l be k(1). Let x = 95 + -53. What is the highest common divisor of x and l?
14
Let t(w) = w**3 + 9*w**2 + 5. Let a be 26/(-2) - (-4)/1. Let m be t(a). Calculate the greatest common divisor of m and 5.
5
Let r(y) = 5*y**2 + 2*y - 1. Let h be r(-2). Let b be 1 + 5 + -1 + -2. Suppose 4*n - 3*n - b = 0. What is the highest common divisor of h and n?
3
Let q be 0*1/2*-1. Let i = q + 3. Suppose 3*x - 48 = -3*j, 3*x - 56 = -i*j - 2*x. Calculate the greatest common factor of j and 8.
4
Let f(s) = 2*s**2 - 3*s + 4. Let m be f(-4). Suppose 7*p = 10*p - m. What is the greatest common factor of p and 112?
16
Let p = -1 - 2. Let y(g) = 2*g**2 + 3*g - 3. Let k be y(p). Calculate the highest common divisor of k and 42.
6
Let g(s) = -3